s(-7)?
8
Let i be (-32)/(-6)*(-6)/1. Let s be 80/(-3) - (10/(-6) + 2). Let v = i - s. Let u(d) = d**3 + 4*d**2 - 3*d + 5. Determine u(v).
-5
Suppose 54*b = 48*b + 18. Suppose -5*t - 20 = 5*n, 3*t - 7*t - 15 = b*n. Let s(r) = r**2 + r - 2. Give s(t).
4
Let a(k) be the first derivative of k**4/4 - 4*k**3/3 + k**2/2 - 5*k - 115. Give a(5).
25
Suppose 3*j - 40 = -11*b + 10*b, j - b = 12. Let z(n) = -n**3 + 12*n**2 + 12*n + 4. Determine z(j).
-9
Let q(z) = z**3 - z**2 + 1. Let d(u) = -4*u**3 + 11*u**2 - 16. Let b(j) = d(j) + 3*q(j). Calculate b(8).
-13
Let g(c) be the second derivative of -c**4/12 + 2*c**3/3 - c**2 - 3*c. Let k be g(2). Let b(t) = t**3 + 2 - 4*t**k - 6 - t + 1. Give b(4).
-7
Let v be -2*6/4*-1. Suppose v*l + 6 = 0, h - 3 = 4*l + 7. Let o(s) = -s - 11*s**h - 1 + 10*s**2 + s. Determine o(1).
-2
Let r(z) be the second derivative of 5*z**3/6 + 4*z. Suppose -4*x + 45 = -x. Let t be 18/x + 2/(-10). Calculate r(t).
5
Let g(y) = -19*y - 635. Let i be g(-33). Let k(j) = j**3 + 8*j**2 + 2*j + 4. Calculate k(i).
-12
Let x(a) be the second derivative of -a**5/120 + a**4/8 + 41*a**3/6 - 8*a. Let q(u) be the second derivative of x(u). Determine q(-7).
10
Let j be (-4)/18 - (-1084)/18. Let y be ((-4)/10)/((-4)/j). Let i(u) = -2 - 2 + y - u. Give i(3).
-1
Let z(p) be the second derivative of -p**3/6 + 3*p**2/2 + 2*p. Suppose l - i = -0*l - 12, 3*l + 46 = 5*i. Calculate z(l).
10
Suppose 16*i + 45 = 77. Let o = 0 - -2. Let w(a) = -o*a + 0*a + a. Determine w(i).
-2
Let g = 105 - 103. Let k(u) = 3*u + 0 - g*u - 6*u - 1. What is k(-4)?
19
Let l(a) be the first derivative of -2*a**3/3 + 5*a**2 - 3*a + 26. Give l(7).
-31
Let m(z) = 6682*z - 3350*z + z**2 + 1 - 3338*z + 11. Calculate m(9).
39
Suppose -9 = 3*v, -v + 26 = 5*c - 3*v. Let n = 8 - c. Suppose -3 = n*j + 5. Let m(q) = q**2 - 4*q - 3. Determine m(j).
9
Let v(r) = -r**2 - 22*r - 53. Let i = 1988 + -2007. Determine v(i).
4
Let q(j) = -j**2 - j - 1. Let g(u) = -7*u**2 - 11*u - 10. Suppose 0 = f - 9. Suppose -12 = f*o - 7*o. Let i(p) = o*q(p) + g(p). Calculate i(-3).
2
Let c(j) = -j**3 - 12*j**2 - 12*j - 7. Let q be c(-11). Suppose -h = -0 - q. Suppose 2*y + 4 = -h. Let g(m) = 3*m + 1. Give g(y).
-11
Let r(a) = a**3 + 3*a**2 - 3*a + 2. Suppose 2*s = 4*f - 2, -7 = -s - 3*f - 18. Calculate r(s).
-33
Let z be 4/2*(-12)/(-8). Let t(s) = 3 - 1 + 4*s - z - s**2. Let p = 602 + -599. What is t(p)?
2
Let m(l) be the first derivative of l**2/2 + 2*l + 698. Suppose -4*o - 4*n = -0*n + 4, -3*o + 3 = -3*n. Suppose o = d - 4 + 1. Determine m(d).
5
Let x(a) = 2*a - 15 - a**2 + 2*a - 7*a + 18. Suppose 9*d - 4*d = 2*k - 20, 5*k = -25. What is x(d)?
-15
Let h(n) = 7*n**3 - 7*n**2 + 6. Let p(b) = 8*b**3 - 8*b**2 + 7. Let i(o) = -6*h(o) + 5*p(o). Suppose 2*y = -q - 3*q + 14, 5*y + 13 = 2*q. Determine i(y).
3
Let l(u) = u**2 + u - 1. Let a(c) = -3*c**2 + 7*c + 3. Let p(n) = -a(n) - 2*l(n). Calculate p(9).
-1
Let j(o) = -2*o**2 + 8*o - 7. Let a(f) be the first derivative of f**3/3 - 2*f**2 + 4*f + 28. Let r(d) = 5*a(d) + 3*j(d). Determine r(5).
-6
Let w = 2861/6 + -476. Let n(y) be the third derivative of 0 + 0*y - w*y**3 - 8*y**2 + 7/60*y**5 - 1/4*y**4 - 1/120*y**6. Determine n(5).
15
Let j(r) = -2 - 42*r**3 - 14 + 41*r**3 + 2*r + 11*r**2. What is j(11)?
6
Let c(z) = -z**3 - z**2 + 7*z + 7. Let h be 3*-1*1*(39 - 38). What is c(h)?
4
Let p(m) = -5*m**2 + m. Let g = -6 + 8. Let u be g + (-3)/(9/15). Let d = 2 + u. Give p(d).
-6
Let s(w) be the third derivative of w**5/60 - 7*w**4/24 + 2*w**3/3 + w**2. Let k(g) = 3*g**2 - 21*g + 4. Let p be k(7). Calculate s(p).
-8
Let z(u) be the second derivative of -2*u + 1/6*u**3 - 3*u**2 + 0. Let v(f) = f**3 + 4*f**2 - 5. Let o be v(-4). Give z(o).
-11
Let a(f) = 5*f**2 - 7*f + 8. Let d(b) = 4*b**2 - 7*b + 7. Let j be 1 + -1 + 3 + -8. Let w(i) = j*a(i) + 6*d(i). Let z = -96 + 88. What is w(z)?
-6
Let z(g) be the second derivative of -g**3/2 + 4*g**2 + 16*g. Let l = -16 + 19. Let t be 21/l + (0 - 1). Determine z(t).
-10
Let o(h) = h - 6. Suppose -3*g + g + 15 = -3*t, -g = 3*t + 6. Let z be (-3)/(6/(-2)) + t. Let x be z/(2 - (-7)/(-3)). Calculate o(x).
0
Let t be 675/243 + (-4)/(-18). Let g(l) be the first derivative of l**3/6 - 2*l**2 - 2*l + 1. Let d(j) be the first derivative of g(j). What is d(t)?
-1
Let f(y) = -y - 1. Let s(z) = -19. Let m(o) = 2*f(o) - s(o). Let g be m(6). Let n(u) = u**2 - 5*u - 2. What is n(g)?
-2
Let x(u) = -u - 2. Suppose 0 - 2 = -w. Let l be x(w). Let z(v) = -2*v - 4. Calculate z(l).
4
Let a(c) be the third derivative of c**6/120 + 7*c**5/60 + c**4/6 - 5*c**3/6 - c**2. Let u(v) = v**3 + 4*v - 7. Let x be u(3). Let t = 26 - x. Calculate a(t).
7
Let n be (-67)/(-5) + 26/(-65). Let y(w) = -w + 10. What is y(n)?
-3
Let n(x) be the third derivative of x**5/60 - x**4/6 + 2*x**3/3 + 5*x**2. Let q = -111 - -116. Calculate n(q).
9
Suppose -3*w = 3*d - 18, -11*d + 6*d = -2*w + 5. Let i(p) = p - 10. Give i(w).
-5
Let n(r) be the first derivative of 2*r**3/3 - 9*r**2/2 + 92. Give n(6).
18
Let o(j) = -j + 5 + 0 + 2. Suppose -2*a + 42 = -5*q + 207, 125 = 3*q + 4*a. Let y be (12/5)/(14/q). Give o(y).
1
Let i(l) = -19*l - 1. Let w(t) = 2*t**2 + 14*t + 26. Let m be w(-10). Let x = m - 85. Calculate i(x).
-20
Let p(k) = -4*k**2 - 6*k - 2. Suppose -j = 0, 4*j + 11 - 27 = 4*i. Give p(i).
-42
Let g be (6 - (20 - 8))*1. Let n(t) = 8*t - 8. Calculate n(g).
-56
Let f(v) be the second derivative of -v**5/20 + v**4/12 + v**3/3 + 7*v**2/2 - 196*v. What is f(3)?
-5
Suppose -2*y = -3*v - 12, 0 = -2*y + 6*y - 5*v - 24. Suppose -2*k = -7*k - 10, -2*k = 2*s. Let i(j) = -s + 8*j + 3 - j**2 + 1 - 3. Give i(y).
11
Let l(t) be the second derivative of -t**4/12 + 4*t**3/3 - 5*t**2/2 - 7*t + 2. Suppose -7*i + 3*i + 28 = 0. What is l(i)?
2
Let z(u) be the first derivative of u**4/4 + 2*u**3/3 + 5*u + 54. Calculate z(-3).
-4
Let f be (36/(-30))/(4/(-10)). Suppose 5*u - 10 = f*u. Let g(t) = u*t - 3*t + 1 - 3*t. What is g(6)?
-5
Let x be (1 - (-4 - -3))/(-6 - -8). Let h(k) = -3*k**2 + 6*k. Let j(v) = -v**2 + v. Let i(s) = h(s) - 5*j(s). Determine i(x).
3
Let b(c) = c**3 + c + 5. Suppose x = -5*i + 16, -4*i = -2*x - 15 + 5. Suppose 2*a = i*a - 0*a. Determine b(a).
5
Let v(f) = 5*f + 4. Let d(z) = 9*z + 8. Let p(b) = -6*d(b) + 11*v(b). Suppose 0 = -4*u - 15 + 3. Determine p(u).
-7
Let c(q) be the first derivative of -q**4/4 - q**3 - q**2/2 + q - 11. What is c(-2)?
-1
Let y(p) = p**2 - 8*p + 7. Let m(w) = -w + 21. Let d be m(18). Suppose 0 = 5*g + 3*c - 33, d*g + 0*c + 3*c - 21 = 0. What is y(g)?
-5
Let w(f) = -2*f + 6. Let s = -137 - -142. Determine w(s).
-4
Let a be 35/35 - (10 - 2). Let x(m) = -2*m**2 - 8*m + 7. What is x(a)?
-35
Let s(r) = -r - 4. Suppose -3*b - 4*l = -177, -4*b + 5*b - 3*l - 46 = 0. Suppose o - b = -4*o. Let a = 11 - o. Give s(a).
-4
Let o(a) = -a**3 - 17*a**2 - 16*a - 3. Let f be o(-16). Let h = 3 + f. Let m(p) = -p + 7. Give m(h).
7
Let x(b) = b - 1. Let n(d) = 3*d**3 + 2*d + 1. Let f be n(-1). Let y = f - -6. What is x(y)?
1
Let b be 5/(-3)*36/(-30). Let n(x) = -32*x**2 + 21*x**b - 2*x + 12*x**2 + 4 - 2. What is n(3)?
5
Let k(l) be the second derivative of -l**4/12 - 11*l**3/6 - 6*l**2 + l. Let m be k(-10). Let r(h) = 2*h + 0*h + 3 - 2*h**3 - 3*h**2 + h**3. Determine r(m).
-5
Let s(u) = u**2 + 25*u - 42. Let f(q) = 4*q - 1. Let k(p) = -6*f(p) + s(p). What is k(0)?
-36
Suppose -3*i + 4 = -8. Let s(n) be the first derivative of n**3/3 - n**2 - 4*n + 8. Give s(i).
4
Let h(z) = 34*z**2 - 4*z - 3*z + 14 - z. Let c(u) = -11*u**2 + 3*u - 5. Suppose -3*g - 44 = -7*g. Let o(s) = g*c(s) + 4*h(s). Calculate o(-1).
15
Suppose 4*r = 5*z - 4, z = -2*z + 2*r + 4. Let s(p) = -p**2 - z + p - 2 + 5 - 1. Determine s(2).
-4
Suppose 0 = -2*k - 5*r + 3 - 0, -5*r + 2 = 3*k. Suppose -5*g - 6*v = -2*v + 16, -g - 1 = 3*v. Let m = k - g. Let d(n) = n. Give d(m).
3
Let b(p) = 2*p**3 + 14*p**2 + 13*p + 10. Let u be b(-6). Let z(n) = -2*n**2 + 6*n. Calculate z(u).
-8
Let n(k) = 41 + 11*k - 50 - 5*k + k**2. Let r(l) = -2*l + 9. Let z be r(7). Let h = -12 - z. Calculate n(h).
-2
Suppose -3*m = -g - 10, 12 = 5*g + 2*m - 23. Suppose g*b - 3*h + 45 = 2*h, 0 = -4*h + 4. Let p(w) = w**2 + 10*w + 11. Calculate p(b).
-5
Let l(t) = -3*t**2 + 2*t**2 - 5 + 33*t - 25*t. Give l(6).
7
Let l(b) = b**3 - 3*b**2 + 3*b. Le